are the prime factors of w(-8)?
2, 5
Let k(n) = -18*n. List the prime factors of k(-1).
2, 3
List the prime factors of 57/6 + (-1)/2.
3
Suppose 5*f + 3*l = 29, -27 = -4*f + 3*l + 7. Let s = f + -2. List the prime factors of s.
5
Let v = 3 - 0. Let o = 0 + v. Suppose 2*n + f - o*f = 26, -f - 57 = -5*n. List the prime factors of n.
11
Let d be 3/(5/((-305)/(-3))). Suppose -5*n - 139 - d = 0. Let t = -22 - n. List the prime factors of t.
2, 3
Suppose 0 = -5*g + 2*h - 16 - 13, 4*h + 7 = -3*g. Let w = 10 + g. What are the prime factors of w?
5
Let y(i) = 4*i**2 + 4*i**2 + 2*i - i**3 - 2*i**2 - 7. Suppose s = 3*s - 12. List the prime factors of y(s).
5
Let i(o) be the second derivative of -o**5/12 - o**4/24 + o**3/3 + o. Let h(p) be the second derivative of i(p). What are the prime factors of h(-1)?
3
What are the prime factors of 934/9 - (-6)/27?
2, 13
What are the prime factors of (-3)/((-5 + 3 - -3)/(-79))?
3, 79
Let q(t) = t**2 + t - 1. List the prime factors of q(2).
5
Suppose -3*o + 3*q + 21 = 0, 2*q + 31 = o + 7*q. What are the prime factors of o?
11
Let m be 1/2 - 35/(-14). Let b(y) = 3*y + 4. List the prime factors of b(m).
13
Let n(j) = -3*j - j - 7 - 4. List the prime factors of n(-8).
3, 7
Let i = 1 - -2. Suppose 0 = -i*q + 1 + 5. Suppose -q*m - 15 = -5*d - m, 2*m = -4*d - 2. What are the prime factors of d?
2
Suppose 0 = 4*u - 8*u + 112. What are the prime factors of u?
2, 7
Suppose -o + 99 = -4. What are the prime factors of o?
103
Let u(a) = -a**3 + 5*a**2 + 2*a - 4. Let n be u(4). Let x = 11 - 20. Let v = x + n. List the prime factors of v.
11
Let o = 5 + -1. Let i = 20 - 14. Suppose o*r + 15 = 5*k, k + r - i = -3. List the prime factors of k.
3
Let n be -2 + -7 - (-1 - 1). Let w = n + -5. What are the prime factors of 20/6*w/(-5)?
2
Let r = -18 - -22. Suppose 9 + 6 = 5*q. Suppose -c - r = -q*c. List the prime factors of c.
2
Suppose 3*t + 4*f = 100, -t + 2*f = t - 76. What are the prime factors of t?
2, 3
Suppose -2*r = 2*r - 8. Suppose 16 = 6*b - r*b. Suppose -20 = -b*q - q. List the prime factors of q.
2
Let t(d) = -d - 1. Let s be t(-7). What are the prime factors of ((-96)/9)/(-4)*s?
2
Suppose -3 = -z, -5*f + z + 283 = -164. What are the prime factors of f?
2, 3, 5
Let w = -106 + 167. What are the prime factors of w?
61
Let q(b) be the first derivative of -1/3*b**3 + 11*b + 4*b**2 - 4. What are the prime factors of q(9)?
2
Let s = -14 + 25. List the prime factors of s.
11
Suppose 2*n - 2*q - 4 = 3*n, -2*n + 3*q + 20 = 0. Let z(k) = k**2 - 6*k + 5. Let c be z(n). Let t = -1 - c. List the prime factors of t.
2
Let p(z) = -36*z**3 - z**2 - z - 1. Let n be p(-1). Let l = -19 + n. List the prime factors of l.
2
Suppose -p = -6 + 3. Suppose -7*a + 396 = -p*a - h, -3*h = 5*a - 512. What are the prime factors of (6/4)/(15/a)?
2, 5
Suppose 2*y = -3*y - 115. Suppose 55 + 110 = -5*l. Let h = y - l. List the prime factors of h.
2, 5
Let i = -20 - -28. List the prime factors of i.
2
Let i be 1 + -4 - (22 + 1). Let u = i - -57. What are the prime factors of u?
31
Let p(o) = -o**2 + 2*o + 8. Let q be p(6). What are the prime factors of (9/(-5))/(q/80)?
3
List the prime factors of ((-28)/(-42))/(1/96).
2
Let l(c) = -c**3 + c - 2. Let r be l(-2). Let k be r*(-2 - 5/(-2)). Suppose 5*q - 33 = -3*p, -13 = -k*p + q + 9. What are the prime factors of p?
11
Suppose 3*u = 3*c + 3, 2*u - 7 = 3. Suppose -3 = -a - 4*h, c = -a + 3*h - 0*h. What are the prime factors of (a - 8/(-6))*6?
2
What are the prime factors of 4/(-22) + 2925/55?
53
Let v = -11 - -5. Let p(c) = -c**3 - 5*c**2 - 2*c - 8. List the prime factors of p(v).
2, 5
Suppose -4*a - 5*b + 40 = 0, 2*b - 3*b - 79 = -5*a. Suppose z + a = 6*z. Suppose z*t - 19 = 26. What are the prime factors of t?
3, 5
Suppose c + 3*u - 6 = -c, 0 = -5*u - 20. Suppose -3*i - 15 = -5*w, -3*w + c = w - 3*i. List the prime factors of w.
2, 3
Let f(j) = j + 2. Let p be f(-2). Suppose -4*d + 9 + 11 = p. Suppose 4*x - d = 3*m + 34, -2*m = x + 4. List the prime factors of x.
2, 3
Let z(x) = 3*x**2 - 3*x + 1. Let v be z(2). Let m(p) = -v*p - 2 - p**2 + p + 10. What are the prime factors of m(-6)?
2
Let s(v) = 4*v + 6*v**2 - 3*v**3 - 2*v + 4 + 2*v**3. Let n(d) = -d**2 - 17*d + 6. Let b be n(-17). List the prime factors of s(b).
2
Let t(x) = -x + 9. List the prime factors of t(-2).
11
Suppose -8 = 4*s + 4, -3*p - 2*s = -36. List the prime factors of p.
2, 7
Suppose 1 = 3*l - 8. Suppose 44 = 4*y - d - 2*d, 0 = -l*y + d + 33. List the prime factors of y.
11
Let a be 2/(-6) - (636/9)/(-2). Suppose -y = 2*q, 11 + 13 = 2*q - 5*y. Suppose -4*d = -2*b + 34, b - a = -2*b - q*d. What are the prime factors of b?
13
Suppose 0 = 4*b, 5*b + 15 - 5 = 5*y. Suppose -60 = -3*n - y*g, 5*n - 3*g = -2*g + 113. What are the prime factors of n*(-1)/4*-2?
11
Let t(s) = -3*s**3 - s + 1. Let w be t(1). Let x = 10 + w. List the prime factors of x.
7
Suppose 3*h - 42 = 6. Let i = h - 9. Suppose 5*q + 3*g - 29 = 0, g + i = -4*q + 26. What are the prime factors of q?
2
Suppose 4*t - 44 = 2*m, -5*m = 3*t - 28 - 5. Suppose o - 3*u - 20 = 0, -2*u - t = 4*o - 35. List the prime factors of o.
2
Let w = -17 - -102. List the prime factors of w.
5, 17
Suppose -3*d - r = 4*r + 32, d - 16 = 5*r. What are the prime factors of ((-4)/1)/(d - -2)?
2
Let v(c) = -c**3 + 6*c**2 + 2*c + 16. What are the prime factors of v(5)?
3, 17
Suppose 2*d - 4*z + 8 = d, -d - 2*z = -4. Suppose 0 = 3*t - d*t - 6. Suppose -3*k = -o + k - 6, -4*k + 4 = -t*o. List the prime factors of o.
2
Let w(s) = s**3 + 18*s**2 - 22*s - 25. List the prime factors of w(-19).
2
Suppose 4*z + 12*z = 304. List the prime factors of z.
19
Let c(i) = i**3 + 7. Let z be c(0). Let m = z + 4. List the prime factors of m.
11
Suppose -2*v = -2*s - 10, 0 = -s + 2*v - 10 + 2. Let c(y) = -y**2 - 2*y - 3. Let l be c(s). Let j = l + 15. List the prime factors of j.
2, 3
Suppose q = 2*n - 37, -2*n = q + 10 + 19. Let r = -18 - q. List the prime factors of r.
3, 5
Let g(a) = a**2 - 12*a + 5. What are the prime factors of g(14)?
3, 11
Let n = -88 - -180. Suppose 4*c - n = 4*f, c = 4*f + f + 7. List the prime factors of c.
3
Let y(d) = -d**2 - 3*d + 81. What are the prime factors of y(0)?
3
Let n(v) = -v**3 - 5*v**2 + 3*v - 4. Let c be n(-6). Suppose -4*q + c = -98. Suppose -4*z + q - 4 = 0. What are the prime factors of z?
2, 3
Suppose 2*i = -0*n - 2*n + 20, 5*i = 2*n + 57. Let a = 26 - i. Suppose 5 = 3*x - 2*g, -5*g = -x - x - a. List the prime factors of x.
5
Let i be (-9)/(-2)*(-1 - -19). Suppose 4*o - i = o. Suppose -j - 2*j = -o. List the prime factors of j.
3
Let b(d) = d**2 - 9*d + 6. Let a be b(7). Let l = 11 - a. List the prime factors of l.
19
Let c be 9 - (-2 + -1 + 6). Let a = 16 - c. What are the prime factors of a?
2, 5
Suppose z + 0*z - 18 = 0. Let x be (0 - -6)/(3/2). What are the prime factors of 1/((8/z)/x)?
3
Suppose -6 = -0*f + f. Suppose 3 = 3*v, -u - 3*u + 65 = v. Let a = u + f. List the prime factors of a.
2, 5
Let n = 8 + -2. Let z = n + 0. What are the prime factors of z?
2, 3
Suppose 3*z + 4*s = -0*z - 20, -25 = -5*z + 5*s. Let m(j) = 0*j**3 + 2 - j**3 - j + 2*j + 8*j**2 + z*j. List the prime factors of m(8).
2, 5
Let f(u) = -12*u + 14. Let t(b) = b - 1. Let y = -6 + 9. Let v(z) = y*f(z) + 42*t(z). List the prime factors of v(1).
2, 3
Let l(y) = 7*y - 13. Let j(h) = -11*h + 20. Let n(i) = 5*j(i) + 8*l(i). List the prime factors of n(6).
2
Suppose -x + 3*g = -93, -2*x = -7*x + g + 465. What are the prime factors of x?
3, 31
Let o(s) = 12*s. Let z be o(5). Suppose -u - u + 5*w = -z, -u + w + 36 = 0. Let y = 58 - u. List the prime factors of y.
2, 3
Suppose 7 = 3*m - n, -7*m + 2 = -5*m + 2*n. Suppose -m*x - x + 42 = 0. What are the prime factors of x?
2, 7
Suppose 2*v - 2 = -2*g, -5*v + 40 = -4*g + 2*g. Let h(b) = b**3 - 7*b**2 + 11*b + 4. List the prime factors of h(v).
2, 17
Let c be (-11)/4 - (-3)/(-12). Suppose 0 = -5*t + 14 + 11. Let s = c + t. List the prime factors of s.
2
Let h(a) be the second derivative of -a**3/3 - a**2/2 + 4*a. List the prime factors of h(-7).
13
Suppose 2*x = b, -3*x = b - x. Suppose b = 3*o - 5 - 10. Suppose 91 = o*t + 1. List the prime factors of t.
2, 3
Let a(f) = f**3 - 6*f**2 + f - 8. Let j be a(6). List the prime factors of (-1*38)/(-4 - j).
19
Let u(n) = n**3